. List the prime factors of j*(-2)/14*551.
19, 29
What are the prime factors of 2875 + (-6)/(-1)*36/54?
2879
Let p(w) = 1367*w**2 + 51*w - 257. What are the prime factors of p(5)?
3, 3797
Suppose 20 = 4*v + 3*p - 7*p, -5 = 5*p. What are the prime factors of ((-2)/2 + v)*83?
3, 83
Let d be -8*(19 - -6 - 2). Let c = d - -476. What are the prime factors of c?
2, 73
Suppose 4*j + 45 = 5*w, 3*w = 4*j + 31 - 4. Suppose w*m + 10*m - 10982 = 0. List the prime factors of m.
2, 17
Suppose -8*o + 14 + 18 = 0. Suppose o*n + 5025 = 5*a, -5*a + 0*n + 5025 = n. What are the prime factors of a?
3, 5, 67
Suppose 0 = -11*z + 14*z - 1278. Suppose 2823 = 3*k + z. What are the prime factors of k?
17, 47
Let s be ((-306)/(-72))/((9/24)/3). Suppose 38*k - 1112 = s*k. List the prime factors of k.
2, 139
Let d be ((-141)/6)/(3/(-6)). Let u = 47 - d. List the prime factors of (0 - -1) + 63 + u/3.
2
Let n = 47281 + -29719. What are the prime factors of n?
2, 3, 2927
Let j(n) = -2*n**3 - 200*n**2 - 33*n + 93. What are the prime factors of j(-100)?
3, 13, 29
Let z be (16/4)/((-2)/(-20)). What are the prime factors of -235*(-4)/(z/22)?
11, 47
Suppose 0 = -x - 3*l + 3063 + 2594, 3*l + 11359 = 2*x. Suppose 0 = -12*a + 20*a - x. What are the prime factors of a?
709
Let o(s) = 32*s - 49. Let b(u) = -31*u + 49. Let h(l) = 7*b(l) + 6*o(l). List the prime factors of h(-15).
2, 53
Let j(n) = -83*n**3 - 4*n**2 + 15*n - 30. List the prime factors of j(-6).
2, 3, 23
Suppose -3*c - 6*k - 87 = -5*k, 2*c + 69 = 3*k. Let t = c + 336. What are the prime factors of t?
2, 3, 17
Let w be 24/(-30)*2615/(-2). Suppose 0 = 62*x - 60*x - w. List the prime factors of x.
523
Let c be ((-10)/(-3))/((-2)/(-3)). Let v(u) = -u**2 + 4*u + 11. Let l be v(c). Suppose 3*j - 6 = 0, -4*n + l*n - 4*j - 148 = 0. What are the prime factors of n?
2, 3, 13
List the prime factors of (-599894)/(-26) + 324/2106.
3, 7691
Let w(d) = d**2 + 17*d + 4. Let n be w(15). Suppose -2*f = -842 - n. What are the prime factors of f?
3, 13, 17
Let r = 55 - -626. List the prime factors of r.
3, 227
Let v = -24797 + 41863. List the prime factors of v.
2, 7, 23, 53
Let v be -2*(-57)/16 - 25/200. Suppose v*m = -3350 + 9923. List the prime factors of m.
3, 313
Let h(p) = -7*p + 37. Let b be h(5). Let i(r) = 3*r**3 - 254*r**2 - 2*r**3 + 19 - b + 9*r + 231*r**2. What are the prime factors of i(23)?
2, 7
Let l(n) = -n**3 - 5*n**2 + 84. Suppose -30 - 20 = 5*q. What are the prime factors of l(q)?
2, 73
Let j = 13535 - 7702. List the prime factors of j.
19, 307
Let m(h) = -25*h + 181. Let l be m(9). Let i be (3/((-6)/8))/(8/(-172)). Let f = i - l. What are the prime factors of f?
2, 5, 13
Let c(p) = 2848*p**2 - 31*p + 23. List the prime factors of c(2).
11353
Let i(d) = -2*d**3 - 12*d**2 - 9*d + 2. Let y be i(-5). What are the prime factors of (431/7 - 24/(-56)) + y?
59
Let f be (-2*2)/(-6*4/18). Let t be -5 - (f + (-3 - 125)). Let v = t - 21. List the prime factors of v.
3, 11
Let w = -286 - -178. What are the prime factors of ((-5868)/w)/(1/21)?
7, 163
Let g(i) = 99*i**2 + 14*i + 153. What are the prime factors of g(-7)?
2, 11, 223
Suppose -2*p - 485718 = -16*d, -56*d + 3*p - 91089 = -59*d. What are the prime factors of d?
2, 43, 353
Suppose -9995*t - 1153 = -9996*t. What are the prime factors of t?
1153
List the prime factors of (14 - (-817)/(-57)) + 1 + (-31922)/(-6).
17, 313
Let n(d) = -10750*d**3 - 2*d**2 + 31*d + 33. What are the prime factors of n(-1)?
2, 5, 43
Suppose 9325 - 55643 = -4*a + 5*u, 46310 = 4*a - u. List the prime factors of a.
3, 17, 227
Let w be (-2)/(-4 - -2) - 56/(-14). Suppose 989 = w*j - 1456. List the prime factors of j.
3, 163
Suppose 2*r + 2*r + 3*k - 36544 = 0, -2*r + 18298 = -5*k. What are the prime factors of r?
13, 19, 37
Let i(k) = -12*k**2 - 5*k + 10. Let y(n) = n**3 - n**2 + n - 1. Let s(t) = -i(t) - y(t). Let u be s(13). Let p = u + -41. What are the prime factors of p?
2
Let w(h) = -4*h**3 - 10*h**2 - 11*h - 20. What are the prime factors of w(-6)?
2, 5, 11
Suppose -37*u + 35*u + 570 = 0. Suppose u = -3*x - 90. Let y = x - -205. What are the prime factors of y?
2, 5
Suppose -4*n = 2*i - 28440, -25*i + 71094 = -20*i + 4*n. What are the prime factors of i?
2, 7109
Let u(r) = 24*r + 13. Let x be u(19). Suppose -d - x = -8*d. Suppose -66*o = -d*o + 57. What are the prime factors of o?
3, 19
Suppose -i - 3*g - 18 = -0*g, 0 = 5*i + g + 34. What are the prime factors of 4/(-24) + (-961)/i?
2, 5
Suppose 5*m - 6760 = -2*n, 5 + 5 = -2*n. List the prime factors of (-1 - m/(-7)) + (-20)/(-35).
193
Let y(o) = 196*o - 19. Let m be y(8). Let f = m - 1082. List the prime factors of f.
467
List the prime factors of 42186/(-10)*(-125)/75.
79, 89
Suppose -219*h + 546892 = -64*h + 50892. List the prime factors of h.
2, 5
Suppose -10 = -15*j + 14*j. Suppose 3*n = 5*n - j. Suppose 0*g = n*g - 4*r - 154, -2*g - 5*r + 88 = 0. List the prime factors of g.
2, 17
Suppose 5*p - 9*p = -33*p + 139606. What are the prime factors of p?
2, 29, 83
Let n be (-4)/4 - (0/(-2) - 355). Let b = 509 - n. What are the prime factors of b?
5, 31
Let l(f) = f**3 + 14*f**2 + 4*f - 17. Let k be l(-13). Suppose 97*i + 1134 = k*i. What are the prime factors of i?
2, 3, 7
Suppose 113 = j + 73. Suppose 0 = -j*i + 16*i + 5904. What are the prime factors of i?
2, 3, 41
Let s(v) = 398*v**2 + v. Let c = 12 + -11. List the prime factors of s(c).
3, 7, 19
Suppose -5*i + 0*g = -2*g - 42, 2*i + 4*g = 12. Let j be (-7 - -3)/(-4) + i. Suppose -3*t = -0*t - j. What are the prime factors of t?
3
Let a = 3788 + 52828. What are the prime factors of a?
2, 3, 7, 337
Let l(h) be the third derivative of -29*h**4/8 - 7*h**3/6 - 23*h**2. What are the prime factors of l(-2)?
167
Suppose -3*g + 12 = 0, 2*t + 0*g + g = -152. List the prime factors of -5 + 1 - (t + -1411).
3, 5, 11
Let x(b) = 0*b + 5*b - 10*b - 10 - 7*b. Let s be x(-16). Suppose 6*y - s = 388. What are the prime factors of y?
5, 19
Let p = 3853 + -2722. What are the prime factors of p?
3, 13, 29
Let q be (-4 + 5)*(-5)/(-1). Suppose 9*y = q*y + 12. Suppose -y*t + 296 = 107. List the prime factors of t.
3, 7
Let w = 56 + -54. Suppose -23*n + 28*n - 2539 = 3*p, 2*p = w*n - 1018. List the prime factors of n.
2, 11, 23
Let x = 1146 - -5924. List the prime factors of x.
2, 5, 7, 101
Let x(p) = -5*p + 3. Let z = 91 + -45. Suppose -66*a + z = -68*a. List the prime factors of x(a).
2, 59
Let s(x) be the second derivative of -x**5/20 + 3*x**4/2 + 7*x**3/6 - 31*x**2/2 + 94*x. List the prime factors of s(18).
5, 19
What are the prime factors of ((-4)/5)/(1*(-15)/295950)?
2, 1973
Suppose q - 188 - 157 = 0. Let t be ((-19)/(-76))/((-3)/1932). Let w = q + t. What are the prime factors of w?
2, 23
Let a be 7 - 1 - 6447/(-7). What are the prime factors of 1/((4 - 2)/(a - 1))?
463
Suppose -2*u = 3 + 7, -12674 = -9*a - 5*u. What are the prime factors of a?
17, 83
Suppose 0 = -2*p - 276 + 4. Let l = -17 - -225. Let u = l + p. What are the prime factors of u?
2, 3
Let q = 268 - 794. Let i = q + 771. List the prime factors of i.
5, 7
Let f be 510/18 - 3/9. Suppose -30*z + f*z = -4. What are the prime factors of (2/z)/(-2) + (-973)/(-14)?
3, 23
Suppose 178276 + 9414 = 8*p + 18490. List the prime factors of p.
2, 3, 5, 47
What are the prime factors of (69120/225)/(4/70)?
2, 3, 7
Let a(x) = 2*x - 6. Let p be a(5). Suppose 6*q - 916 = p*q. What are the prime factors of q?
2, 229
Suppose -5*d + 3*a + 70848 = -87892, -a = 5. Suppose -38*m + d + 11081 = 0. What are the prime factors of m?
7, 23
Suppose -954701 = -93*z + 309092 - 88366. List the prime factors of z.
3, 11, 383
Let l = -100 - -104. Suppose 2*s + 2*s = -4*n + 11276, l*n - 11267 = -s. Suppose -2*g = 9*g - n. List the prime factors of g.
2
Suppose 55*z = 58*z + 279. Let i = z + 97. Suppose -4*u + 592 = i*u. List the prime factors of u.
2, 37
Let w(u) = 195*u + 8199. What are the prime factors of w(16)?
3, 7, 11
Suppose -23*c - 76 + 122 = 0. Suppose 10 = c*s, -1295 = -5*y + 2*s + 1005. List the prime factors of y.
2, 3, 7, 11
Suppose 2*z - 242 = -3*p, -3 - 392 = -5*p + 5*z. What are the prime factors of ((-6 - -44)*3)/(12/p)?
2, 5, 19
Let t(x) = -1665*x - 360. List the prime factors of t(-40).
2, 3, 5, 23
Let c(f) = 1360*f + 504. List the prime factors of c(3).
2, 3, 191
L